*v + 26326. What is z(-12)?
-14
Let w(p) = p**3 - 7*p**2 - 151*p + 21. What is w(6)?
-921
Let s(t) = 9*t**3 - 205*t**2 - 55*t + 4591. Calculate s(22).
-7
Let j(t) = 156046*t + 22626667. Give j(-145).
-3
Let v(u) = 4673*u + 710293. Give v(-152).
-3
Let z(l) = -l**3 - 65*l**2 - 895*l - 2020. What is z(-47)?
283
Let o(b) = 17325*b + 51916. Give o(-3).
-59
Let i(u) = 8*u**2 + 1906*u - 57278. Give i(27).
16
Let l(u) = 3*u**3 + 270*u**2 - 234*u + 3553. Determine l(-91).
4
Let b(c) = -c**3 + 482*c**2 + 4916*c + 1969. Calculate b(492).
1
Let f(r) = 16*r**2 + 779*r + 6194. Give f(-10).
4
Let z(x) = -x**3 + 49*x**2 - 8*x - 1614. Give z(48).
306
Let g(h) = h**2 + 161*h + 4829. Give g(-93).
-1495
Let n(k) = k**3 - 20*k**2 + 778*k - 6089. Give n(9).
22
Let w(o) = -811*o - 141106. What is w(-174)?
8
Let g(z) = -63*z**3 + 482*z**2 + 231*z - 442. Give g(8).
-2
Let x(v) = -3*v**2 - 4832*v - 1572560. What is x(-1158)?
4
Let u(b) = 6*b**2 - 1150*b + 13903. Calculate u(14).
-1021
Let x(i) = 59*i**2 - 26490*i + 25993. Give x(448).
9
Let s(x) = 40*x**2 - 170*x + 63. Determine s(2).
-117
Let j(f) = 7*f**2 + 374*f - 1182. Determine j(3).
3
Let u(c) = -1865*c - 7577. Determine u(-4).
-117
Let r(c) = 10461*c - 52151. Calculate r(5).
154
Let x(w) = 3*w**2 - 8436*w - 110173. Calculate x(-13).
2
Let y(j) = j**3 + 176*j**2 + 179*j + 4. Determine y(-175).
-696
Let a(w) = 1788*w + 851042. Calculate a(-476).
-46
Let r(o) = -2*o**3 - 3*o**2 + 2042*o + 5. What is r(0)?
5
Let i(m) = -8075*m - 2075285. What is i(-257)?
-10
Let q(h) = -34500*h + 483027. Give q(14).
27
Let t(d) = -1219559*d - 42684561. Determine t(-35).
4
Let w(c) = -c**3 + 130*c**2 - 38*c + 4943. Calculate w(130).
3
Let i(o) = 394*o**2 + 36225*o - 2186. Give i(-92).
-70
Let s(q) = 2*q**3 - 166*q**2 + 706*q - 297. Calculate s(79).
5549
Let r(k) = -4*k**2 + 119*k + 696. Give r(-6).
-162
Let u(y) = -1044*y**2 - 43866*y - 32. Calculate u(-42).
724
Let c(k) = 2*k**2 + 91*k - 2197. What is c(-73)?
1818
Let d(u) = -u**2 - 7999*u + 64064. Give d(8).
8
Let g(b) = 251*b**3 + 461*b**2 + b + 4. Calculate g(-2).
-162
Let x(i) = -2*i**3 - 46*i**2 - 247*i + 644. Calculate x(-10).
514
Let l(x) = -3*x**3 - 53*x**2 - 25*x - 111. What is l(-4)?
-667
Let z(f) = -7*f**3 - 110*f**2 + 160*f - 17. Give z(0).
-17
Let l(n) = -18940*n + 208426. Calculate l(11).
86
Let p(f) = -11447*f - 13003804. Give p(-1136).
-12
Let i(h) = 23*h**3 - 329*h**2 - 385*h + 6683. What is i(14)?
-79
Let q(i) = 2*i**3 - 40*i**2 + 221*i - 6654. Determine q(22).
144
Let g(a) = -3*a**3 + 3616*a**2 - 58254*a - 8329. Determine g(1189).
-6
Let k(s) = 2*s**3 - 1274*s**2 - 2579*s + 14686. Give k(639).
-11
Let z(s) = -297*s**2 - 88513*s - 2113. Determine z(-298).
-27
Let b(c) = -981*c - 42423. Determine b(-44).
741
Let w(b) = 2*b**3 + 293*b**2 + 9503*b - 286. Give w(-98).
8
Let t(k) = -78*k**2 + 8178*k + 1250. Calculate t(105).
-10
Let b(a) = -2*a**3 + 10*a**2 + 7*a - 103. Give b(-4).
157
Let l(u) = -u**3 + 40*u**2 + 17*u + 58. Determine l(0).
58
Let m(c) = 17623*c + 563948. Calculate m(-32).
12
Let g(w) = -w**3 - 12*w**2 + 42*w + 532. Determine g(-6).
64
Let s(l) = -87*l**2 - 740*l - 1369. Calculate s(-6).
-61
Let j(y) = -210*y + 72877. Calculate j(346).
217
Let d(c) = -914*c - 97791. What is d(-107)?
7
Let m(u) = -u**3 + 74*u**2 + 516*u - 12. Calculate m(-6).
-228
Let d(t) = 4*t**2 - 217*t + 3969. Give d(23).
1094
Let c(y) = -y**3 - 150*y**2 - 2256*y + 109. Calculate c(-17).
24
Let h(t) = -t**2 - 239*t + 2494. What is h(-249)?
4
Let l(n) = 2801*n - 680208. Calculate l(243).
435
Let h(g) = -7857*g - 196431. Calculate h(-25).
-6
Let f(c) = -c**3 - 126*c**2 - 311*c - 1942. Calculate f(-124).
5870
Let l(y) = -2*y**2 + 1584*y - 147814. Determine l(108).
-70
Let p(r) = -2*r**2 + 1026*r + 2060. Calculate p(-2).
0
Let k(v) = -403*v**2 - 1456*v - 15. What is k(-4)?
-639
Let p(b) = -22*b**3 - 4951*b**2 - 263*b - 8576. What is p(-225)?
-26
Let b(m) = m**3 - 209*m**2 + 8921*m + 2831. Determine b(149).
0
Let o(t) = 21*t**2 - 1478*t + 215. What is o(71)?
1138
Let d(n) = 512*n + 834. Determine d(-1).
322
Let j(m) = -10*m**3 + 28*m**2 + 115*m + 59. Give j(-5).
1434
Let v(z) = 1513*z**2 + 2923114*z - 3867. What is v(-1932)?
-3
Let x(s) = s**3 - 98*s**2 + 281*s + 131. Give x(95).
-249
Let g(y) = -106*y**2 + 289*y - 157. Determine g(2).
-3
Let h(c) = -c**2 - 1179*c + 16222. Calculate h(14).
-480
Let n(x) = 3*x**3 + 333*x**2 - 185*x - 20542. Determine n(-111).
-7
Let i(b) = 216932*b + 1084940. What is i(-5)?
280
Let o(s) = 9303*s + 186075. Give o(-20).
15
Let l(i) = i**3 - 27*i**2 + 278*i - 1608. What is l(16)?
24
Let v(t) = -t**2 - 185*t - 2299. Determine v(-15).
251
Let t(v) = -18*v**3 - 55*v**2 - 17*v - 5. What is t(-3)?
37
Let k(v) = 4*v**2 - 365*v + 161. Give k(93).
812
Let z(u) = 10*u**3 - 100*u**2 - 79*u + 19. Calculate z(-1).
-12
Let l(y) = -292575*y + 108. Give l(0).
108
Let x(u) = u**2 + 500*u + 15883. What is x(-34)?
39
Let i(s) = -8379*s - 92601. Calculate i(-11).
-432
Let x(t) = 2167*t + 143026. Determine x(-66).
4
Let b(s) = -32058*s + 3013366. Calculate b(94).
-86
Let q(g) = g**3 - 100*g**2 + 199*g - 484. Calculate q(98).
-190
Let f(x) = -30417*x - 1216678. What is f(-40)?
2
Let d(w) = -548*w + 15358. What is d(28)?
14
Let x(g) = 2*g**2 + 135*g + 148. Determine x(-63).
-419
Let p(r) = -43931*r + 219655. Determine p(5).
0
Let s(m) = m**3 - 41*m**2 + 406*m - 17. Calculate s(19).
-245
Let w(b) = -b**2 + 287*b - 18595. Determine w(188).
17
Let r(y) = 2437*y - 86653. Give r(36).
1079
Let p(z) = 3*z**3 + 40*z**2 + 308*z + 3114. What is p(-12)?
-6
Let q(j) = -262*j + 1093. Give q(6).
-479
Let s(c) = 50019*c - 600244. Give s(12).
-16
Let r(z) = z**3 + 35*z**2 + 36*z + 369. Give r(-34).
301
Let j(a) = a**3 - 1609*a**2 - 6453*a - 30. Determine j(-4).
-26
Let s(r) = 7*r**2 - 465*r - 667. Calculate s(68).
81
Let d(f) = -78*f**2 - 12327*f - 475. Calculate d(-158).
-1
Let u(a) = 3*a**3 - 530*a**2 + 345*a + 1022. What is u(176)?
-210
Let l(x) = 2006*x - 5729. What is l(3)?
289
Let m(u) = -u**3 - 31*u**2 - 100*u - 430. What is m(-28)?
18
Let c(g) = -g**2 - 32030*g - 1247662. What is c(-39)?
-13
Let q(p) = -p**3 - 162*p**2 + 1669*p + 139283. Give q(-167).
5
Let m(d) = -368*d + 27397. Give m(73).
533
Let n(g) = 12708*g - 902284. Determine n(71).
-16
Let t(q) = -7086*q - 751115. Determine t(-106).
1
Let y(b) = -2*b**3 - 28*b**2 + 392*b - 213. What is y(9)?
-411
Let s(z) = -2*z**2 - 1664*z + 10053. Determine s(6).
-3
Let n(s) = 9*s**2 - 5205*s - 20768. What is n(-4)?
196
Let x(v) = -5387*v + 280128. What is x(52)?
4
Let u(k) = -762*k + 5800. Give u(7).
466
Let x(l) = -198*l**2 - 61576*l - 39. Determine x(-311).
-661
Let g(z) = 219*z**3 + 3*z**2 + 98*z - 7. Determine g(0).
-7
Let j(o) = -o**3 - 1051*o**2 + 2892*o + 827629. Calculate j(-1053).
-29
Let q(v) = -33*v**2 + 3737*v - 8498. Determine q(111).
-284
Let n(s) = 194*s - 49387. What is n(254)?
-111
Let n(c) = -6*c**3 + 203*c**2 + 1501*c - 862. Give n(40).
-22
Let g(n) = -n**2 + 2559*n + 90782. What is g(-35)?
-8
Let z(j) = j**2 + 168*j + 5463. Calculate z(-43).
88
Let b(a) = a**2 + 622*a + 23799. Calculate b(-41).
-22
Let d(y) = 3*y**3 + 151*y**2 - 418*y - 151. Give d(-53).
-469
Let h(b) = -13564*b + 773095. Determine h(57).
-53
Let t(g) = 254*g + 196. Give t(-5).
-1074
Let r(d) = -38915*d - 778347. What is r(-20)?
-47
Let x(d) = 61357*d - 490855. Give x(8).
1
Let i(k) = 32252*k**2 + 2676917*k + 81. Determine i(-83).
-2
Let l(p) = 2*p**3 - 135*p**2 - 77*p + 617. Calculate l(68).
5
Let m(b) = -b**3 + 29*b**2 + 2535*b - 69908. Calculate m(27).
-5
Let x(m) = -16*m**2 + 869*m + 1514. Determine x(56).
2
Let w(t) = t**3 + 16*t**2 + 1171*t - 54912. What is w(25)?
-12
Let o(q) = 75*q + 2698. Calculate o(-47).
-827
Let u(r) = -1725*r + 117155. Determine u(68).
-145
Let m(a) = 2*a**2 - 1178*a + 19446. Give m(17).
-2
Let g(d) = 8*d**3 + 322*d**2 - 617*d - 1220. Calculate g(-42).
-2
Let v(w) = 6*w**2 + 4548*w - 27259. Give v(6).
245
Let l(c) = 5*c**2 + 207*c - 1700. Give l(8).
276
Let q(i) = -141*i - 6084. Give q(-41).
-303
Let q(g) = -43*g**3 - 200*g**2 + 564*g - 10. What is q(3)?
-1279
Let v(k) = -200*k + 1145. Determine v(10).
-855
Let p(k) = 2756*k + 51181. Give p(-18).
1573
Let r(y) = 5691*y + 620146. Determine r(-109).
-173
Let j(h) = 742*h + 